{"version":"1.0","provider_name":"Stephan Moser \u2013 Journalist BR, Kolumnist (Freiburger Nachrichten &amp; Askforce), Autor","provider_url":"https:\/\/poetomat.ch\/Wordpress","author_name":"admin","author_url":"https:\/\/poetomat.ch\/Wordpress\/author\/admin\/","title":"Fr\u00f6hliche Weihnachten - Stephan Moser \u2013 Journalist BR, Kolumnist (Freiburger Nachrichten &amp; Askforce), Autor","type":"rich","width":600,"height":338,"html":"<blockquote class=\"wp-embedded-content\" data-secret=\"1hDdzuGFsA\"><a href=\"https:\/\/poetomat.ch\/Wordpress\/froehliche-weihnachten\/\">Fr\u00f6hliche Weihnachten<\/a><\/blockquote><iframe sandbox=\"allow-scripts\" security=\"restricted\" src=\"https:\/\/poetomat.ch\/Wordpress\/froehliche-weihnachten\/embed\/#?secret=1hDdzuGFsA\" width=\"600\" height=\"338\" title=\"&#8222;Fr\u00f6hliche Weihnachten&#8220; &#8211; Stephan Moser \u2013 Journalist BR, Kolumnist (Freiburger Nachrichten &amp; Askforce), Autor\" data-secret=\"1hDdzuGFsA\" frameborder=\"0\" marginwidth=\"0\" marginheight=\"0\" scrolling=\"no\" class=\"wp-embedded-content\"><\/iframe><script>\n\/*! This file is auto-generated *\/\n!function(d,l){\"use strict\";l.querySelector&&d.addEventListener&&\"undefined\"!=typeof URL&&(d.wp=d.wp||{},d.wp.receiveEmbedMessage||(d.wp.receiveEmbedMessage=function(e){var t=e.data;if((t||t.secret||t.message||t.value)&&!\/[^a-zA-Z0-9]\/.test(t.secret)){for(var s,r,n,a=l.querySelectorAll('iframe[data-secret=\"'+t.secret+'\"]'),o=l.querySelectorAll('blockquote[data-secret=\"'+t.secret+'\"]'),c=new RegExp(\"^https?:$\",\"i\"),i=0;i<o.length;i++)o[i].style.display=\"none\";for(i=0;i<a.length;i++)s=a[i],e.source===s.contentWindow&&(s.removeAttribute(\"style\"),\"height\"===t.message?(1e3<(r=parseInt(t.value,10))?r=1e3:~~r<200&&(r=200),s.height=r):\"link\"===t.message&&(r=new URL(s.getAttribute(\"src\")),n=new URL(t.value),c.test(n.protocol))&&n.host===r.host&&l.activeElement===s&&(d.top.location.href=t.value))}},d.addEventListener(\"message\",d.wp.receiveEmbedMessage,!1),l.addEventListener(\"DOMContentLoaded\",function(){for(var e,t,s=l.querySelectorAll(\"iframe.wp-embedded-content\"),r=0;r<s.length;r++)(t=(e=s[r]).getAttribute(\"data-secret\"))||(t=Math.random().toString(36).substring(2,12),e.src+=\"#?secret=\"+t,e.setAttribute(\"data-secret\",t)),e.contentWindow.postMessage({message:\"ready\",secret:t},\"*\")},!1)))}(window,document);\n\/\/# sourceURL=https:\/\/poetomat.ch\/Wordpress\/wp-includes\/js\/wp-embed.min.js\n<\/script>\n","description":"\u00ab\u00dcbrigens\u00bb in den Freiburger Nachrichten vom 16. Oktober 2014 Selbst auf Halloween ist kein Verlass mehr. Als der Grusel-Import in den 90ern auch auf die Schweiz \u00fcberschwappte, war der Hype so gross, dass die L\u00e4den den ganzen Oktober \u00fcber den Horror zelebrierten \u2013 mit K\u00fcrbisfratzen, Totenkopfmasken und Marzipanhexen. Das einzig Gute daran: Die Weihnachtsdeko blieb &hellip; weiterlesen"}

Fröhliche Weihnachten - Stephan Moser – Journalist BR, Kolumnist (Freiburger Nachrichten &amp; Askforce), Autor

<blockquote class="wp-embedded-content" data-secret="1hDdzuGFsA"><a href="https://poetomat.ch/Wordpress/froehliche-weihnachten/">Fröhliche Weihnachten</a></blockquote><iframe sandbox="allow-scripts" security="restricted" src="https://poetomat.ch/Wordpress/froehliche-weihnachten/embed/#?secret=1hDdzuGFsA" width="600" height="338" title="&#8222;Fröhliche Weihnachten&#8220; &#8211; Stephan Moser – Journalist BR, Kolumnist (Freiburger Nachrichten &amp; Askforce), Autor" data-secret="1hDdzuGFsA" frameborder="0" marginwidth="0" marginheight="0" scrolling="no" class="wp-embedded-content"></iframe><script>
/*! This file is auto-generated */
!function(d,l){"use strict";l.querySelector&&d.addEventListener&&"undefined"!=typeof URL&&(d.wp=d.wp||{},d.wp.receiveEmbedMessage||(d.wp.receiveEmbedMessage=function(e){var t=e.data;if((t||t.secret||t.message||t.value)&&!/[^a-zA-Z0-9]/.test(t.secret)){for(var s,r,n,a=l.querySelectorAll('iframe[data-secret="'+t.secret+'"]'),o=l.querySelectorAll('blockquote[data-secret="'+t.secret+'"]'),c=new RegExp("^https?:$","i"),i=0;i<o.length;i++)o[i].style.display="none";for(i=0;i<a.length;i++)s=a[i],e.source===s.contentWindow&&(s.removeAttribute("style"),"height"===t.message?(1e3<(r=parseInt(t.value,10))?r=1e3:~~r<200&&(r=200),s.height=r):"link"===t.message&&(r=new URL(s.getAttribute("src")),n=new URL(t.value),c.test(n.protocol))&&n.host===r.host&&l.activeElement===s&&(d.top.location.href=t.value))}},d.addEventListener("message",d.wp.receiveEmbedMessage,!1),l.addEventListener("DOMContentLoaded",function(){for(var e,t,s=l.querySelectorAll("iframe.wp-embedded-content"),r=0;r<s.length;r++)(t=(e=s[r]).getAttribute("data-secret"))||(t=Math.random().toString(36).substring(2,12),e.src+="#?secret="+t,e.setAttribute("data-secret",t)),e.contentWindow.postMessage({message:"ready",secret:t},"*")},!1)))}(window,document);
//# sourceURL=https://poetomat.ch/Wordpress/wp-includes/js/wp-embed.min.js
</script>

«Übrigens» in den Freiburger Nachrichten vom 16. Oktober 2014 Selbst auf Halloween ist kein Verlass mehr. Als der Grusel-Import in den 90ern auch auf die Schweiz überschwappte, war der Hype so gross, dass die Läden den ganzen Oktober über den Horror zelebrierten – mit Kürbisfratzen, Totenkopfmasken und Marzipanhexen. Das einzig Gute daran: Die Weihnachtsdeko blieb &hellip; weiterlesen
