{"version":"1.0","provider_name":"Stephan Moser \u2013 Journalist BR, Kolumnist (Freiburger Nachrichten &amp; Askforce), Autor","provider_url":"https:\/\/poetomat.ch\/Wordpress","author_name":"admin","author_url":"https:\/\/poetomat.ch\/Wordpress\/author\/admin\/","title":"Blackout als Sternstunde","type":"rich","width":600,"height":338,"html":"<blockquote class=\"wp-embedded-content\" data-secret=\"Xrzp6zhgXd\"><a href=\"https:\/\/poetomat.ch\/Wordpress\/ein-blackout-als-sternstunde\/\">Ein Blackout als Sternstunde<\/a><\/blockquote><iframe sandbox=\"allow-scripts\" security=\"restricted\" src=\"https:\/\/poetomat.ch\/Wordpress\/ein-blackout-als-sternstunde\/embed\/#?secret=Xrzp6zhgXd\" width=\"600\" height=\"338\" title=\"&#8222;Ein Blackout als Sternstunde&#8220; &#8211; Stephan Moser \u2013 Journalist BR, Kolumnist (Freiburger Nachrichten &amp; Askforce), Autor\" data-secret=\"Xrzp6zhgXd\" frameborder=\"0\" marginwidth=\"0\" marginheight=\"0\" scrolling=\"no\" class=\"wp-embedded-content\"><\/iframe><script>\n\/*! This file is auto-generated *\/\n!function(d,l){\"use strict\";l.querySelector&&d.addEventListener&&\"undefined\"!=typeof URL&&(d.wp=d.wp||{},d.wp.receiveEmbedMessage||(d.wp.receiveEmbedMessage=function(e){var t=e.data;if((t||t.secret||t.message||t.value)&&!\/[^a-zA-Z0-9]\/.test(t.secret)){for(var s,r,n,a=l.querySelectorAll('iframe[data-secret=\"'+t.secret+'\"]'),o=l.querySelectorAll('blockquote[data-secret=\"'+t.secret+'\"]'),c=new RegExp(\"^https?:$\",\"i\"),i=0;i<o.length;i++)o[i].style.display=\"none\";for(i=0;i<a.length;i++)s=a[i],e.source===s.contentWindow&&(s.removeAttribute(\"style\"),\"height\"===t.message?(1e3<(r=parseInt(t.value,10))?r=1e3:~~r<200&&(r=200),s.height=r):\"link\"===t.message&&(r=new URL(s.getAttribute(\"src\")),n=new URL(t.value),c.test(n.protocol))&&n.host===r.host&&l.activeElement===s&&(d.top.location.href=t.value))}},d.addEventListener(\"message\",d.wp.receiveEmbedMessage,!1),l.addEventListener(\"DOMContentLoaded\",function(){for(var e,t,s=l.querySelectorAll(\"iframe.wp-embedded-content\"),r=0;r<s.length;r++)(t=(e=s[r]).getAttribute(\"data-secret\"))||(t=Math.random().toString(36).substring(2,12),e.src+=\"#?secret=\"+t,e.setAttribute(\"data-secret\",t)),e.contentWindow.postMessage({message:\"ready\",secret:t},\"*\")},!1)))}(window,document);\n\/\/# sourceURL=https:\/\/poetomat.ch\/Wordpress\/wp-includes\/js\/wp-embed.min.js\n<\/script>\n","thumbnail_url":"https:\/\/poetomat.ch\/Wordpress\/wp-content\/uploads\/2015\/01\/Blackout.jpg","thumbnail_width":2048,"thumbnail_height":1152,"description":"\u00ab\u00dcbrigens\u00bb in den Freiburger Nachrichten vom 19. August 2014 \u00abWei\u00dft du, wieviel\u2019 Sternlein stehen?\u00bb geh\u00f6rt bei meinen Kindern zum allabendlichen Einschlafritual dazu. Mitten in der dritten Strophe wollte meine vierj\u00e4hrige Tochter neulich wissen, wie viele Sternlein denn nun eigentlich am Himmel st\u00fcnden. Ich wusste es nicht. Und weil an ein Einschlafen nicht zu denken war, &hellip; weiterlesen"}

«Übrigens» in den Freiburger Nachrichten vom 19. August 2014 «Weißt du, wieviel’ Sternlein stehen?» gehört bei meinen Kindern zum allabendlichen Einschlafritual dazu. Mitten in der dritten Strophe wollte meine vierjährige Tochter neulich wissen, wie viele Sternlein denn nun eigentlich am Himmel stünden. Ich wusste es nicht. Und weil an ein Einschlafen nicht zu denken war, &hellip; weiterlesen
